uppose -4*q + 7*q + 6 = 3*a, 6 = 4*a - 3*q. Let g be y(a). What are the prime factors of f(g)?
3
Suppose 0 = -9*d - 3 + 5115. What are the prime factors of d?
2, 71
Let w(h) = h**3 - 3*h**2 - h + 3. Let f be w(4). Let p(z) = -z**3 - 6*z**2 - z + 9. Let x be p(-3). List the prime factors of (-768)/x - 3/f.
3, 17
Suppose -7 = 7*j - 42. Suppose -u - u - 38 = -x, 0 = j*x - 4*u - 196. List the prime factors of x.
2, 5
Let k = 9 + -5. Suppose y + y - k = 0. List the prime factors of y.
2
Suppose -2*i + 419 = 5*r - 5*i, 2*i = -6. Let o be ((-39)/(-15) - (-9)/(-15))*1. Suppose -5*l - 5*q = -150, o*q - 59 - r = -5*l. List the prime factors of l.
3
Let x be -3*(3 - 40/12). Suppose -t - 7 = 3*q, 3*q - x = 2*t - 5. List the prime factors of 25*(t + (-2)/(-1)).
5
Let k = -130 - -475. Suppose -k = -11*b + 6*b. What are the prime factors of b?
3, 23
Let s(o) be the third derivative of -o**6/120 + o**5/20 + o**4/8 - o**3/6 + 7*o**2. Let a be s(-2). Let l = a + 33. List the prime factors of l.
2, 23
Let v(z) be the second derivative of 21*z**3/2 + z**2/2 + 3*z. What are the prime factors of v(1)?
2
Let z(r) be the third derivative of -r**5/60 - 11*r**4/24 + 7*r**3/6 - 2*r**2. Let u be ((-2)/(-4))/(11/(-154)). List the prime factors of z(u).
5, 7
List the prime factors of 1*4 + 55 + 329.
2, 97
Suppose m = 2*v - 1868, 948 = -9*v + 10*v + 3*m. List the prime factors of v.
2, 3, 13
Suppose 2*g - 4*i + 0*i + 16 = 0, 2*i - 8 = -5*g. List the prime factors of 11 - g - 4/(-1).
3, 5
Let v = 75 - 45. Let y = -20 + v. List the prime factors of -1*y*5/(-2).
5
Let y be (1 + (-3 - 117/6))*-2. Suppose 2*q - 6*k + 3*k = y, -2*k + 39 = q. What are the prime factors of q?
29
Let d be 2 + (6/(-3) - -2). Let o(p) = -3*p**d + 5 + 0*p**2 - 13*p - p**2 + 3*p**2. List the prime factors of o(-11).
3
Suppose 2*f = -5*m + 937, 6*f - 1428 = 3*f - 3*m. List the prime factors of f.
13, 37
Suppose -3*k + 2*g = -6391, 2*k - 4250 = 5*g - g. What are the prime factors of k?
3, 79
Suppose 0 = 2*n - 2*x - 2504, 4*x = -5*n + 3553 + 2680. What are the prime factors of n?
1249
Suppose 12 + 12 = 3*q. List the prime factors of -1 - 36/q*-8.
5, 7
Suppose -67*f - 944 = -75*f. What are the prime factors of f?
2, 59
Let n = -19 - 198. Let x be 6/4 + n/2. Let w = x + 154. What are the prime factors of w?
47
Suppose 0 = -5*x + o + 24, -7*o + 10 = x - 2*o. Suppose 5*d = 2*c + 286, 4*c - 44 = 4*d - x*d. What are the prime factors of d?
2, 7
Let o be ((-6)/12)/((-1)/22). Let d = o + -15. List the prime factors of 1 - (-40 - (d + 2)).
3, 13
Let j(p) = 157*p - 9. Let c(z) = z**3 - z**2 + z + 1. Let x be c(0). What are the prime factors of j(x)?
2, 37
Suppose 1 = 4*v + 5*y, 3*v - 24 = 2*y + 2*y. List the prime factors of (152/36 - v) + (-556)/(-9).
2, 31
Let k = 499 - -478. What are the prime factors of k?
977
Let p(r) = 653*r + 109. List the prime factors of p(2).
5, 283
Suppose 0*u = 5*s + 3*u - 19586, 7842 = 2*s + 5*u. What are the prime factors of s?
2, 11, 89
Let l(y) = 49*y**3 - 2*y**2 + y. Let d(i) = i**2 + 21*i - 21. Let x be d(-22). List the prime factors of l(x).
2, 3
Suppose 0 = -2*p + 3*k + 154, 0 = -7*p + 2*p - k + 385. What are the prime factors of p?
7, 11
Let t(b) = -72*b - 8. Let l(u) = -u + 1. Let w(f) = 6*l(f) + t(f). Let d be w(-1). Suppose -60 = -4*m + d. List the prime factors of m.
2, 17
Let n = 7 - 5. Suppose -n*a + a = -13. Let w = a - 3. What are the prime factors of w?
2, 5
Let g(j) = -693*j - 78. List the prime factors of g(-2).
2, 3, 109
Suppose -3*y = 3 - 0. Let j be 3 + (1 + 136 - y). Suppose j = -4*c + 7*c. What are the prime factors of c?
47
Suppose 0 = -13*j - 0 - 0. Suppose j = 3*n - 3*p - 40 + 10, 0 = n - 4*p - 19. List the prime factors of n.
7
Let i = 9 - 18. Let g = 6 + i. What are the prime factors of -30*(3 + 10/g)?
2, 5
What are the prime factors of (-2 + 3)*-3*(-546)/18?
7, 13
Suppose -4*r = -5*r + 4. Let i(s) = 8*s + r*s + 6*s**3 - 11*s - s**2. What are the prime factors of i(1)?
2, 3
Let g = 585 + -237. What are the prime factors of g?
2, 3, 29
Suppose 3*k - 2 - 7 = 0. Suppose 203 = k*u + o, -122 = -3*u + u - 4*o. What are the prime factors of u?
3, 23
Suppose -3*m + 561 = -24. What are the prime factors of m?
3, 5, 13
Suppose 2*y + 3*k - 383 = 0, 0 = 4*y - 10*k + 13*k - 775. List the prime factors of y.
2, 7
Let p = -51 + 56. Suppose -26 = -4*c + 3*h + p, -5*c - 5*h + 30 = 0. What are the prime factors of c?
7
What are the prime factors of (-76)/(((-5)/300)/(45/40))?
2, 3, 5, 19
Let m(o) be the first derivative of -41*o**2/2 + 14*o + 40. What are the prime factors of m(-5)?
3, 73
What are the prime factors of 496 + -2*(-28)/(-8) + 4?
17, 29
Suppose 5*u + 10040 = 5*i + 2445, -5*i + 3*u + 7589 = 0. What are the prime factors of i?
2, 379
Suppose -5*k + 12 + 18 = 0. Suppose -3 = -k*c + 27. List the prime factors of c.
5
What are the prime factors of 3354/130*30/1?
2, 3, 43
List the prime factors of 140/1 - 2 - (-20 - -19).
139
Let n = 982 + -884. List the prime factors of n.
2, 7
Let i(c) = 1 + 34*c + 1 - 35*c. Let q be i(2). Suppose 2*y = b - 15 - 65, q = b - 3*y - 79. List the prime factors of b.
2, 41
Let b = 58 - 118. Let x = b + 103. List the prime factors of x.
43
Let u = 979 + -591. List the prime factors of u.
2, 97
Let k(s) = 6*s**2 + 75*s - 78*s - 1 + 5. What are the prime factors of k(2)?
2, 11
Let n be -1 - 0 - -3 - -416. Let c be n/10 + (-7)/(-35). Suppose -y = -v - c, 0*y - 4*y - 4*v = -144. What are the prime factors of y?
3, 13
Let n be 1 + 2 - (2 + 13). Let v = 0 - n. Let m = -6 + v. What are the prime factors of m?
2, 3
Let w(q) = q**2 - 6*q + 5. Let k be w(6). Suppose s - 5*p + 0 = -3, -1 = 2*s - 5*p. Suppose -3 = -s*x + k. List the prime factors of x.
2
Suppose 112075 = -26*y + 51*y. List the prime factors of y.
4483
Suppose 0 = -k + 6*k - 620. Suppose 228 = 2*s - k. List the prime factors of s.
2, 11
Suppose 4*q - 17 = 7. Suppose 0 = q*x - 2*x - 16. Suppose -5*h + 5*o = -3*h - 65, x*h = 4*o + 100. List the prime factors of h.
2, 5
Suppose -4 = 7*i - 25. Suppose i*x - 70 = 14. What are the prime factors of x?
2, 7
Suppose 4 - 1 = -p. What are the prime factors of 52 - (-10 - -3 - p)?
2, 7
Let u(r) = -r**3 - 7*r**2 - 2*r - 11. Let w be u(-7). Suppose 0 = -5*a + w*c + 172, -c - c = -5*a + 168. What are the prime factors of a?
2
List the prime factors of 3/(-33) - (-8 + (-275230)/110).
2, 5, 251
What are the prime factors of (-9348)/38*3/(-2)?
3, 41
Let d be (-5 - (3 + -5))/((-6)/8). Suppose 5*l - 40 = -4*q, -2*q - d*l + 18 = -l. What are the prime factors of q?
3, 5
Let w = -88 + 34. Let d be (1/3)/((-6)/w). Suppose -24 = -4*h - o, -2*h + 17 = -d*o + 5. List the prime factors of h.
2, 3
Suppose 0 = -8*g + 48 + 56. Suppose 70 = g*i - 2140. What are the prime factors of i?
2, 5, 17
Suppose -2*v - o - 145 = v, o = 2. Let d = -20 - v. What are the prime factors of 2*(-3 - d/(-2))?
23
Suppose 7438 = 37*u - 41809. What are the prime factors of u?
11
Let u be (30/(-40))/((-1)/4). Suppose 2*k + 708 = 4*y, -u*y + 544 = -3*k + 8*k. What are the prime factors of y?
2, 89
Let i(v) = v**2 + 4*v - 77. List the prime factors of i(-12).
19
Suppose -22*u + 5889 + 24669 = 0. What are the prime factors of u?
3, 463
Let y be (-5)/30 - 57/(-18). Suppose y*w = -2*w + 285. List the prime factors of w.
3, 19
Let h = 241 + -121. Suppose -525 + h = -3*k. List the prime factors of k.
3, 5
Suppose -3 = 2*q + 5*c, 36 = 15*q - 14*q - 5*c. What are the prime factors of q?
11
Suppose 20*g - 3 = 21*g, -i = 3*g - 1156. What are the prime factors of i?
5, 233
Let k be (-3 + -1)/(-4) + 4. Suppose 3*x - 90 = -k*v, -v = -x + 24 + 6. List the prime factors of x.
2, 3, 5
Suppose -3*g - 1 = -5*q - 14, -5*q - g = 9. Let f = -2 - q. Suppose -5 - 21 = -2*i - p, 4*i + 4*p - 48 = f. What are the prime factors of i?
2, 7
Suppose -s = -5*u + 5 + 15, -2*s - 12 = 4*u. Let m(z) be the first derivative of -z**2/2 + 12*z - 327. What are the prime factors of m(s)?
2, 11
List the prime factors of 4 - (43 - 3)*-20.
2, 3, 67
Let r(b) be the third derivative of 1/30*b**5 + 0 + 9*b**2 + 1/4*b**4 - 1/6*b**3 + 0*b. List the prime factors of r(-5).
19
Let t be (20/14)/((-3)/(-21)). Suppose -5*a + 2*a = -3*s, -2*a - t = -4*s. Suppose 4*i + q = 19 + 42, -5*i - a*q + 80 = 0. What are the prime factors of i?
3, 